{"id":121,"date":"2025-09-27T16:58:16","date_gmt":"2025-09-27T16:58:16","guid":{"rendered":"https:\/\/mboucher-avocat.com\/?page_id=121"},"modified":"2025-09-27T18:30:05","modified_gmt":"2025-09-27T18:30:05","slug":"accueil","status":"publish","type":"page","link":"https:\/\/mboucher-avocat.com\/index.php\/accueil\/","title":{"rendered":"Accueil"},"content":{"rendered":"\t\t<div data-elementor-type=\"wp-page\" data-elementor-id=\"121\" class=\"elementor elementor-121\">\n\t\t\t\t<div class=\"elementor-element elementor-element-71f421d e-flex e-con-boxed e-con e-parent\" data-id=\"71f421d\" data-element_type=\"container\" data-e-type=\"container\">\n\t\t\t\t\t<div class=\"e-con-inner\">\n\t\t\t\t<div class=\"elementor-element elementor-element-aba09c2 elementor-widget elementor-widget-image\" data-id=\"aba09c2\" data-element_type=\"widget\" data-e-type=\"widget\" data-widget_type=\"image.default\">\n\t\t\t\t\t\t\t\t\t\t\t\t\t\t\t<img fetchpriority=\"high\" decoding=\"async\" width=\"1024\" height=\"683\" src=\"https:\/\/mboucher-avocat.com\/wp-content\/uploads\/2025\/09\/building-102110_1920-1024x683.jpg\" class=\"attachment-large size-large wp-image-126\" alt=\"\" srcset=\"https:\/\/mboucher-avocat.com\/wp-content\/uploads\/2025\/09\/building-102110_1920-1024x683.jpg 1024w, https:\/\/mboucher-avocat.com\/wp-content\/uploads\/2025\/09\/building-102110_1920-300x200.jpg 300w, https:\/\/mboucher-avocat.com\/wp-content\/uploads\/2025\/09\/building-102110_1920-768x512.jpg 768w, https:\/\/mboucher-avocat.com\/wp-content\/uploads\/2025\/09\/building-102110_1920-1536x1024.jpg 1536w, https:\/\/mboucher-avocat.com\/wp-content\/uploads\/2025\/09\/building-102110_1920.jpg 1920w\" sizes=\"(max-width: 1024px) 100vw, 1024px\" \/>\t\t\t\t\t\t\t\t\t\t\t\t\t\t\t<\/div>\n\t\t\t\t\t<\/div>\n\t\t\t\t<\/div>\n\t\t<div class=\"elementor-element elementor-element-b45f78d e-flex e-con-boxed e-con e-parent\" data-id=\"b45f78d\" data-element_type=\"container\" data-e-type=\"container\">\n\t\t\t\t\t<div class=\"e-con-inner\">\n\t\t<div class=\"elementor-element elementor-element-33ed223 e-con-full e-flex e-con e-child\" data-id=\"33ed223\" data-element_type=\"container\" data-e-type=\"container\">\n\t\t\t\t<div class=\"elementor-element elementor-element-7db4fbc elementor-widget elementor-widget-image\" data-id=\"7db4fbc\" data-element_type=\"widget\" data-e-type=\"widget\" data-widget_type=\"image.default\">\n\t\t\t\t\t\t\t\t\t\t\t\t\t\t\t<img decoding=\"async\" width=\"768\" height=\"1152\" src=\"https:\/\/mboucher-avocat.com\/wp-content\/uploads\/2025\/09\/VALMY-668-768x1152.jpg\" class=\"attachment-medium_large size-medium_large wp-image-9\" alt=\"\" srcset=\"https:\/\/mboucher-avocat.com\/wp-content\/uploads\/2025\/09\/VALMY-668-768x1152.jpg 768w, https:\/\/mboucher-avocat.com\/wp-content\/uploads\/2025\/09\/VALMY-668-200x300.jpg 200w, https:\/\/mboucher-avocat.com\/wp-content\/uploads\/2025\/09\/VALMY-668-683x1024.jpg 683w, https:\/\/mboucher-avocat.com\/wp-content\/uploads\/2025\/09\/VALMY-668-1024x1536.jpg 1024w, https:\/\/mboucher-avocat.com\/wp-content\/uploads\/2025\/09\/VALMY-668-1365x2048.jpg 1365w, https:\/\/mboucher-avocat.com\/wp-content\/uploads\/2025\/09\/VALMY-668-scaled.jpg 1707w\" sizes=\"(max-width: 768px) 100vw, 768px\" \/>\t\t\t\t\t\t\t\t\t\t\t\t\t\t\t<\/div>\n\t\t\t\t<\/div>\n\t\t<div class=\"elementor-element elementor-element-ade5405 e-con-full e-flex e-con e-child\" data-id=\"ade5405\" data-element_type=\"container\" data-e-type=\"container\">\n\t\t\t\t<div class=\"elementor-element elementor-element-e411677 elementor-widget elementor-widget-text-editor\" data-id=\"e411677\" data-element_type=\"widget\" data-e-type=\"widget\" data-widget_type=\"text-editor.default\">\n\t\t\t\t\t\t\t\t\t<div class=\"wp-block-media-text is-stacked-on-mobile\">\n<div class=\"wp-block-media-text__content\">\n<ul class=\"wp-block-list\">\n<li class=\"has-small-font-size\">Maxence est avocat aux Barreaux de Paris (2020) et de New York (2021).<\/li>\n<\/ul>\n<ul class=\"wp-block-list\">\n<li style=\"list-style-type: none;\">\n<ul class=\"wp-block-list\"><!-- \/wp:list-item --><!-- wp:list-item {\"fontSize\":\"small\"} --><\/ul>\n<\/li>\n<\/ul>\n<p>\u00a0<\/p>\n<ul class=\"wp-block-list\">\n<li class=\"has-small-font-size\">Il accompagne dirigeants, investisseurs et cr\u00e9anciers face aux difficult\u00e9s des entreprises pour leurs d\u00e9cisions les plus sensibles.<\/li>\n<\/ul>\n<ul class=\"wp-block-list\">\n<li style=\"list-style-type: none;\">\n<ul class=\"wp-block-list\"><!-- \/wp:list-item --><!-- wp:list-item {\"fontSize\":\"small\"} --><\/ul>\n<\/li>\n<\/ul>\n<p>\u00a0<\/p>\n<ul class=\"wp-block-list\">\n<li class=\"has-small-font-size\">Il intervient dans le traitement amiable des difficult\u00e9s des entreprises (mandat ad hoc, conciliation) ainsi que judiciaire (sauvegarde, redressement et liquidation) ainsi que dans des situations sp\u00e9ciales.<\/li>\n<\/ul>\n<ul class=\"wp-block-list\">\n<li style=\"list-style-type: none;\">\n<ul class=\"wp-block-list\"><!-- \/wp:list-item --><!-- wp:list-item {\"fontSize\":\"small\"} --><\/ul>\n<\/li>\n<\/ul>\n<p>\u00a0<\/p>\n<ul class=\"wp-block-list\">\n<li class=\"has-small-font-size\">Il assiste \u00e9galement les acqu\u00e9reurs dans le cadre de cessions judiciaires (\u00ab\u00a0reprises \u00e0 la barre\u00a0\u00bb)<\/li>\n<\/ul>\n<ul class=\"wp-block-list\">\n<li class=\"has-small-font-size\">Maxence est dipl\u00f4m\u00e9 d&rsquo;un Master de Droit Economique de Sciences Po Paris (2016) ainsi que d&rsquo;un LL.M de University of Pennsylvania (2018). Il d\u00e9tient \u00e9galement le Business and Law Certificate de la Wharton Business School.<\/li>\n<\/ul>\n<ul class=\"wp-block-list\">\n<li style=\"list-style-type: none;\">\u00a0<\/li>\n<\/ul>\n<p><!-- \/wp:list-item --><\/p>\n<p><!-- \/wp:list --><\/p>\n<\/div>\n<\/div>\n<p><!-- \/wp:media-text --><\/p>\t\t\t\t\t\t\t\t<\/div>\n\t\t\t\t<\/div>\n\t\t\t\t\t<\/div>\n\t\t\t\t<\/div>\n\t\t<div class=\"elementor-element elementor-element-14ea78b e-flex e-con-boxed e-con e-parent\" data-id=\"14ea78b\" data-element_type=\"container\" data-e-type=\"container\">\n\t\t\t\t\t<div class=\"e-con-inner\">\n\t\t<div class=\"elementor-element elementor-element-e2846aa e-con-full e-flex e-con e-child\" data-id=\"e2846aa\" data-element_type=\"container\" data-e-type=\"container\">\n\t\t\t\t<div class=\"elementor-element elementor-element-f37fd75 elementor-widget elementor-widget-text-editor\" data-id=\"f37fd75\" data-element_type=\"widget\" data-e-type=\"widget\" data-widget_type=\"text-editor.default\">\n\t\t\t\t\t\t\t\t\t<p>Restructuring<\/p>\t\t\t\t\t\t\t\t<\/div>\n\t\t\t\t<\/div>\n\t\t<div class=\"elementor-element elementor-element-8094bce e-con-full e-flex e-con e-child\" data-id=\"8094bce\" data-element_type=\"container\" data-e-type=\"container\">\n\t\t\t\t<div class=\"elementor-element elementor-element-9f57045 elementor-widget elementor-widget-text-editor\" data-id=\"9f57045\" data-element_type=\"widget\" data-e-type=\"widget\" data-widget_type=\"text-editor.default\">\n\t\t\t\t\t\t\t\t\t<p>Distressed M&amp;A<\/p>\t\t\t\t\t\t\t\t<\/div>\n\t\t\t\t<\/div>\n\t\t<div class=\"elementor-element elementor-element-967fd5e e-con-full e-flex e-con e-child\" data-id=\"967fd5e\" data-element_type=\"container\" data-e-type=\"container\">\n\t\t\t\t<div class=\"elementor-element elementor-element-626e279 elementor-widget elementor-widget-text-editor\" data-id=\"626e279\" data-element_type=\"widget\" data-e-type=\"widget\" data-widget_type=\"text-editor.default\">\n\t\t\t\t\t\t\t\t\t<p>Contentieux<\/p>\t\t\t\t\t\t\t\t<\/div>\n\t\t\t\t<\/div>\n\t\t\t\t\t<\/div>\n\t\t\t\t<\/div>\n\t\t<div class=\"elementor-element elementor-element-d662c3c e-flex e-con-boxed e-con e-parent\" data-id=\"d662c3c\" data-element_type=\"container\" data-e-type=\"container\">\n\t\t\t\t\t<div class=\"e-con-inner\">\n\t\t\t\t<div class=\"elementor-element elementor-element-7b53dab elementor-widget elementor-widget-heading\" data-id=\"7b53dab\" data-element_type=\"widget\" data-e-type=\"widget\" data-widget_type=\"heading.default\">\n\t\t\t\t\t<h2 class=\"elementor-heading-title elementor-size-default\">Contact<\/h2>\t\t\t\t<\/div>\n\t\t\t\t\t<\/div>\n\t\t\t\t<\/div>\n\t\t\t\t<\/div>\n\t\t","protected":false},"excerpt":{"rendered":"<p>Maxence est avocat aux Barreaux de Paris (2020) et de New York (2021). \u00a0 Il accompagne dirigeants, investisseurs et cr\u00e9anciers [&hellip;]<\/p>\n","protected":false},"author":1,"featured_media":0,"parent":0,"menu_order":0,"comment_status":"closed","ping_status":"closed","template":"elementor_header_footer","meta":{"site-sidebar-layout":"no-sidebar","site-content-layout":"","ast-site-content-layout":"full-width-container","site-content-style":"default","site-sidebar-style":"default","ast-global-header-display":"","ast-banner-title-visibility":"","ast-main-header-display":"","ast-hfb-above-header-display":"","ast-hfb-below-header-display":"","ast-hfb-mobile-header-display":"","site-post-title":"","ast-breadcrumbs-content":"","ast-featured-img":"disabled","footer-sml-layout":"","theme-transparent-header-meta":"","adv-header-id-meta":"","stick-header-meta":"","header-above-stick-meta":"","header-main-stick-meta":"","header-below-stick-meta":"","astra-migrate-meta-layouts":"default","ast-page-background-enabled":"default","ast-page-background-meta":{"desktop":{"background-color":"var(--ast-global-color-5)","background-image":"","background-repeat":"repeat","background-position":"center center","background-size":"auto","background-attachment":"scroll","background-type":"","background-media":"","overlay-type":"","overlay-color":"","overlay-opacity":"","overlay-gradient":""},"tablet":{"background-color":"","background-image":"","background-repeat":"repeat","background-position":"center center","background-size":"auto","background-attachment":"scroll","background-type":"","background-media":"","overlay-type":"","overlay-color":"","overlay-opacity":"","overlay-gradient":""},"mobile":{"background-color":"","background-image":"","background-repeat":"repeat","background-position":"center center","background-size":"auto","background-attachment":"scroll","background-type":"","background-media":"","overlay-type":"","overlay-color":"","overlay-opacity":"","overlay-gradient":""}},"ast-content-background-meta":{"desktop":{"background-color":"var(--ast-global-color-4)","background-image":"","background-repeat":"repeat","background-position":"center center","background-size":"auto","background-attachment":"scroll","background-type":"","background-media":"","overlay-type":"","overlay-color":"","overlay-opacity":"","overlay-gradient":""},"tablet":{"background-color":"var(--ast-global-color-4)","background-image":"","background-repeat":"repeat","background-position":"center center","background-size":"auto","background-attachment":"scroll","background-type":"","background-media":"","overlay-type":"","overlay-color":"","overlay-opacity":"","overlay-gradient":""},"mobile":{"background-color":"var(--ast-global-color-4)","background-image":"","background-repeat":"repeat","background-position":"center center","background-size":"auto","background-attachment":"scroll","background-type":"","background-media":"","overlay-type":"","overlay-color":"","overlay-opacity":"","overlay-gradient":""}},"footnotes":""},"class_list":["post-121","page","type-page","status-publish","hentry"],"_links":{"self":[{"href":"https:\/\/mboucher-avocat.com\/index.php\/wp-json\/wp\/v2\/pages\/121","targetHints":{"allow":["GET"]}}],"collection":[{"href":"https:\/\/mboucher-avocat.com\/index.php\/wp-json\/wp\/v2\/pages"}],"about":[{"href":"https:\/\/mboucher-avocat.com\/index.php\/wp-json\/wp\/v2\/types\/page"}],"author":[{"embeddable":true,"href":"https:\/\/mboucher-avocat.com\/index.php\/wp-json\/wp\/v2\/users\/1"}],"replies":[{"embeddable":true,"href":"https:\/\/mboucher-avocat.com\/index.php\/wp-json\/wp\/v2\/comments?post=121"}],"version-history":[{"count":37,"href":"https:\/\/mboucher-avocat.com\/index.php\/wp-json\/wp\/v2\/pages\/121\/revisions"}],"predecessor-version":[{"id":221,"href":"https:\/\/mboucher-avocat.com\/index.php\/wp-json\/wp\/v2\/pages\/121\/revisions\/221"}],"wp:attachment":[{"href":"https:\/\/mboucher-avocat.com\/index.php\/wp-json\/wp\/v2\/media?parent=121"}],"curies":[{"name":"wp","href":"https:\/\/api.w.org\/{rel}","templated":true}]}}